 + 41. Calculate the remainder when (-7)/(-4)*i/5 is divided by 11.
10
Let x(n) = -14*n + 0 + 2 + 9*n + 2*n**2 - 4. Calculate the remainder when 18 is divided by x(4).
8
Suppose 0 = -f - 0*f - 6. What is the remainder when 3/f - (-78)/4 is divided by 5?
4
Let l = 51 + -39. Calculate the remainder when 31 is divided by l.
7
Let b(n) = -n - 3. Let v be b(-6). Suppose 14 = 3*i - 5*j - 18, 24 = v*i - 3*j. Suppose -8 = -2*a - 2*a. Calculate the remainder when i is divided by a.
0
Let w be 1/(-4) + (-42)/(-8). Let j = -4 + w. Suppose -r + j = -1. What is the remainder when 2 is divided by r?
0
Let r = 191 + 25. Suppose 4*s - h = r, 4*h = s - 3*s + 90. Calculate the remainder when s is divided by 14.
11
Let h = -6 - 2. Let p = h - -18. What is the remainder when 19 is divided by p?
9
Let h = -41 + 46. What is the remainder when 37 is divided by h?
2
Let i = 10 + -2. What is the remainder when 46 is divided by i?
6
Suppose 28 = a - 3*t, 3*t - 20 = -2*a - 0*a. What is the remainder when 62 is divided by a?
14
Let j be 0/(2 + -4 - -3). Suppose -2*c + 2*x + 14 = j, -x - 3*x = -3*c + 19. What is the remainder when 17 is divided by c?
8
Suppose 4*u + 358 = 930. Suppose 0 = 4*y - 4*k - 108, -5*y + u = -0*k - k. What is the remainder when y is divided by 10?
9
Let z be 64/28 + (-2)/7. Let w be 17*-1 + 0 + z. Calculate the remainder when (-69)/w - 2/(-5) is divided by 3.
2
Suppose 2*n - 3 = 11. Suppose 4*h = -2*t + 114, 2*h + 3*t + n = 74. Calculate the remainder when h is divided by 9.
8
Suppose -2 = -q + 9. Calculate the remainder when 22 + 5 - (-5 - -1) is divided by q.
9
Let g(k) be the second derivative of -k**5/20 + 7*k**4/12 + 3*k**2/2 - k. Let x be g(7). Suppose -3*h = -33 + x. What is the remainder when h is divided by 6?
4
Let f(o) = 8*o**2 - 8*o - 4. Let t(u) = u**3. Let q = -2 + 3. Let d(l) = q*t(l) - f(l). Calculate the remainder when d(7) is divided by 6.
5
Let k = -8 + 16. Let b be (-12)/k*16/(-6). Suppose 0 = b*a + 10 - 30. Calculate the remainder when 14 is divided by a.
4
Suppose 2*q = -5*q + 91. What is the remainder when 0 + -1 - (-2 - 36) is divided by q?
11
Suppose 7*x = 2*x + 130. What is the remainder when x is divided by 4?
2
Let h = 92 - 87. What is the remainder when 9 is divided by h?
4
Let s = -25 - -14. Let o = s + 7. Calculate the remainder when 23 is divided by (-33)/o - 3/12.
7
Let r(s) = -s**2 - 2*s - 3. Let g be r(-3). Calculate the remainder when ((-3)/6 + -1)*g is divided by 5.
4
Let a be 4 - (-4)/2 - 1. Suppose 67 = 3*l + 2*b, 110 = a*l + 2*b + b. What is the remainder when 55 is divided by l?
17
Suppose 5*m + 2*t = 435 - 45, t = 5. Calculate the remainder when m is divided by 11.
10
What is the remainder when 86 is divided by -2 - ((-4 - 16) + 3)?
11
Let l = -56 - -88. Calculate the remainder when l is divided by 11.
10
Suppose 2*k = 4*k - 90. Calculate the remainder when k is divided by 16.
13
Let x = 21 - 36. Let g = x - -39. Calculate the remainder when g is divided by 9.
6
Suppose 17 - 77 = -4*l. Suppose 0*j = j - l. Calculate the remainder when j is divided by 4.
3
Suppose 4*z = 15 + 41. Calculate the remainder when z is divided by 9.
5
Suppose p = 4*p - 5*q - 26, 0 = p - q - 6. Let u(t) = 0*t**2 - 3 + 10*t + 2*t**2 - 3*t**p. Calculate the remainder when 33 is divided by u(7).
15
Let l(h) = h**3 + 2*h**2 + h. Let t be l(-1). Let q = 2 - t. Suppose b = -b + 2*x + 14, 29 = q*b + 3*x. What is the remainder when b is divided by 6?
4
Suppose 0*i - 74 = -2*i. Let t be -14*(2/14 - 1). Suppose -3*a = t, 3*g - 16 = -4*a + 7. Calculate the remainder when i is divided by g.
11
Suppose -5 = -2*z + 9. Suppose -2*h = -4*c + 38, -2*h = -3*c - z*h + 9. Let a = -2 + 25. What is the remainder when a is divided by c?
7
Let b(z) = -z - 17. Let v be b(-15). What is the remainder when -2 - (-37 + 4/v) is divided by 20?
17
Calculate the remainder when 7 is divided by (-1 - (-16)/28)*-7.
1
Let m(x) = 3*x + 4. Calculate the remainder when 19 is divided by m(2).
9
Let i(d) = d**3 - 2*d**2 - 6*d + 2. Let v be 16/(-10)*(-2 + -3). Let w = 13 - v. What is the remainder when i(w) is divided by 24?
23
Let v = 115 - 69. What is the remainder when v is divided by 12?
10
Let h(f) = f**3 + 4*f**2 + 4*f + 2. Let n be h(-3). Let z = -1 - 1. What is the remainder when 15 is divided by (-30)/3*n + z?
7
Let p = 2 + 21. Calculate the remainder when p is divided by 14.
9
Let c be ((-9)/(-12))/((-1)/(-188)). Suppose 10 + 15 = 5*a. Suppose -a*s + c = -h, 3*s + 2*h - 88 = 6*h. Calculate the remainder when s is divided by 15.
13
Suppose 204 = 14*l + 3*l. Calculate the remainder when 34 is divided by l.
10
Suppose 4*a = 3*a + 41. Let x(v) = 3*v - 1. Let i be x(-9). Let m = a + i. Calculate the remainder when m is divided by 5.
3
Let m be 14/8 - 5/(-20). Suppose -3*t + m = -5*u - 5, -1 = u - t. Calculate the remainder when -4*(15/(-4) + u) is divided by 12.
11
Calculate the remainder when 48 is divided by 8/(-12) - (-53)/(-6)*-2.
14
What is the remainder when 38/(2*(-2)/(-4)) is divided by 13?
12
Let p(c) = -c**3 - c**2 - 3*c - 1. Let i be 26/(-10) + 4/(-10). Calculate the remainder when p(i) is divided by 13 - (-4 - 15/(-5)).
12
Suppose -2*r + 5*i = 2*r - 35, 42 = 4*r + 2*i. Suppose -o = 8 - 3, 5*h + o - r = 0. Suppose 310 = -h*q + 8*q. Calculate the remainder when q is divided by 21.
20
Suppose 3*p = t - 24, -2*t + 2 + 31 = -p. Calculate the remainder when ((2 - 9) + 6/6)*-7 is divided by t.
12
Let t = -67 - -84. Calculate the remainder when t is divided by 9.
8
Let d be 6/(-8) - 300/48. Let z = 9 + d. Suppose -72 = -4*p + 4*a, 2*p - 33 = z*a - a. Calculate the remainder when 28 is divided by p.
13
Let w = -1 + 4. What is the remainder when 4 - (1 - (-1 - -4)) is divided by w?
0
Let h(u) = -u**3 + 6*u**2 + 2*u + 4. What is the remainder when h(3) is divided by 13?
11
What is the remainder when 14 is divided by 165/10*8/12?
3
Suppose x - 4*w - 12 = -9*w, -12 = -x + 3*w. Let b(i) = i**3 - 6*i**2 + i - 11. What is the remainder when b(7) is divided by x?
9
Suppose 6 - 21 = 5*d. Calculate the remainder when ((-54)/(-10))/(d/(-15)) is divided by 14.
13
Let b = -4 + 6. Suppose -2*v + b = -0. What is the remainder when 2 is divided by v?
0
Let l be (-1 - 3)*9/2. Suppose 2*y + 14 - 64 = 0. Calculate the remainder when y is divided by (l/8)/((-1)/4).
7
Suppose -5 = -5*r + 4*r. Calculate the remainder when 9 is divided by r.
4
Let j = 4 - 1. Suppose 3 = 3*t - j. Let f = -15 - -21. What is the remainder when f is divided by t?
0
Let b(t) = -t**3 + 2*t**2 + 5*t + 7. What is the remainder when b(-3) is divided by 20?
17
Suppose 20 = 4*u - 0*u. Let n = u + 2. Calculate the remainder when n is divided by 2.
1
Suppose -2*j = -5*p + 412 + 121, 5*j = 2*p - 230. What is the remainder when p is divided by 27?
24
Calculate the remainder when (-502)/(-9) - (-4)/18 is divided by 12.
8
Let b(q) = -14 - q**2 + 0*q**2 + 3 + 11*q. Calculate the remainder when 24 is divided by b(8).
11
What is the remainder when (20/12)/(2/42) is divided by 9?
8
Suppose -9*p = -2*p - 175. What is the remainder when 96 is divided by p?
21
Suppose -2*w - 2*s + 116 = 0, -s - 287 = -5*w - 5*s. What is the remainder when w is divided by 19?
17
Let j(g) = -2*g**3 - 4*g**2 + 14*g - 7. Let u(i) = -i**3 - 2*i**2 + 7*i - 3. Let f(t) = -6*j(t) + 13*u(t). What is the remainder when f(-5) is divided by 15?
13
Suppose 2*c + 0*c + f = 20, -c + 24 = -3*f. What is the remainder when 55 is divided by c?
7
Let f(b) = 4*b**2 - b + 2. Calculate the remainder when 45 is divided by f(2).
13
What is the remainder when 27 is divided by (-1287)/(-91) + 1/(-7)?
13
Let p = 41 - 25. Let n(b) = 9*b + 2*b + 3*b**2 - 2 - 2 - b**3 + 6*b**2. What is the remainder when p is divided by n(10)?
4
Let a be 2/3*(-111)/(-2). What is the remainder when -1 + (-1 + a - 0) is divided by 12?
11
Let r be (-4)/(-10) - 54/(-15). What is the remainder when 56 is divided by 118/6 + r/(-6)?
18
Suppose 4*g - 2*g - 170 = -3*x, -3*g + 174 = 3*x. Calculate the remainder when x is divided by 14.
12
Suppose 0 = -4*l + 86 + 50. Let x(b) = b**3 - 8*b**2 + 9*b - 2. What is the remainder when l is divided by x(7)?
10
Let t be 47/(-9) + (-4)/(-18). Calculate the remainder when 2/t + (-177)/(-5) is divided by 18.
17
Suppose 112 = l + 2*f, 4*l = 3*f + 91 + 357. Wha